*l + z. Suppose -l = u - 42. Give x(u).
22
Let p(o) be the third derivative of -o**4/4 - 5*o**3/6 - 24*o**2. What is p(-4)?
19
Suppose -14 = k - 16. Let m(q) = -4*q - 4*q + q + q + 3. What is m(k)?
-9
Let p = -30 + 37. Let z(v) = 2*v**3 - 13*v**2 - 2*v - 31. Give z(p).
4
Suppose 0 = -2*d - 3*h + 5, -5*h + 3 = d - 3. Let y(l) = 9*l - 2*l - 12*l + 24*l - 1. Determine y(d).
18
Suppose 0 = 6*v - v - 120. Suppose 2*u + 2*u = -v. Let k(j) = -11 + 122*j + 5 + 6 - 4 - 124*j. Determine k(u).
8
Let p(n) be the second derivative of -22*n + 1/2*n**2 + 0 - 1/3*n**3 + 19/12*n**4. What is p(1)?
18
Suppose 12*j = 19*j - 42. Let b(f) = -f**3 + 8*f**2 - 7*f - 8. What is b(j)?
22
Suppose 0 = 2*f - 2 - 12. Let s(o) = 16*o - 19*o + 6 + 8*o + o**3 - f*o**2. Let q be (6/(-5))/((-2)/10). Give s(q).
0
Let f(m) = -16*m + 288. Let y be f(18). Let t(w) = -w**3 + w**2 + 2*w - 4. Determine t(y).
-4
Let o(f) = -5*f - 5*f + f**2 - 7 + 5*f + 1. Give o(7).
8
Let c(t) = 6*t**2 + 2*t + 1. Suppose -14 = -5*r + 3*f, 0 = 4*f - 0*f - 8. Let u = -28 + 30. Suppose s + 5 = r*h - 2*h, h = u. What is c(s)?
5
Let u be 30/7 + (-1)/(28/8). Let j(d) = -12*d + 6. Let a(s) = -s. Let m(h) = 10*a(h) - j(h). Give m(u).
2
Let c(n) = 5*n**2 + 14*n - 3. Let w(x) = x**2 + x. Let s(k) = -c(k) + 6*w(k). Calculate s(8).
3
Let m = -19 - -24. Let k(a) = m + 96*a**2 - 101*a**2 + 12*a - a**3 - 5*a. What is k(-6)?
-1
Let f(i) = -22*i - 12. Let u(s) = 10*s + 7. Let h(q) = 6*f(q) + 13*u(q). Give h(11).
-3
Suppose -m - 4*q + 7*q - 5 = 0, 3*m + 15 = -3*q. Let p(o) = -o**2 - 4*o + 7. Calculate p(m).
2
Let y(b) = b**3 - 4*b**2 + b - 12. Suppose 92 = 18*i + 2. Give y(i).
18
Let z be 4/6 - 260/(-78). Let p(k) = 4*k**3 - 6*k - 3. Let b(y) = 3*y**3 + y**2 - 5*y - 3. Let n(h) = 5*b(h) - 4*p(h). Calculate n(z).
9
Suppose -18 = -2*m - 2*s, -5*m - s + 22 = -3. Let p(o) = 5 + 2*o**3 + m*o + o**3 - 6*o**2 - 2*o**3. Give p(5).
0
Let y be (-2)/(7/5 - 1). Let a(g) = 5*g**2 - 14*g - 6. Let t = 20 + -14. Let v(z) = -z**2 + z. Let p(h) = t*v(h) + a(h). Calculate p(y).
9
Let a be 7/(-14)*-8 - 8. Let d(v) = 4*v - 1. Let p(j) be the third derivative of -j**4/12 + j**3/6 - j**2. Let u(c) = -3*d(c) - 5*p(c). Determine u(a).
6
Let j(z) be the second derivative of z**3/6 - 9*z**2/2 - z - 65. Suppose 0 = -4*o - o + 40. What is j(o)?
-1
Let o(q) = -2*q**2 + 14 - 2*q**3 - 7 - q + 3*q**3 - 3. Determine o(3).
10
Let u(q) = q**2 + 3. Suppose 36*x = 32*x - 16. Let l be (3/x)/3 + 13/4. Give u(l).
12
Let b(v) = 3*v + 8 + 8*v**2 + 5*v + 15*v**2 - 30*v**2 + 10*v**2. What is b(-5)?
43
Let z(n) = n**3 - n**2 - 5*n + 2. Suppose 14*r = -30*r - 132. Determine z(r).
-19
Let m(t) = t**2 + 3*t - 4. Suppose -25 = -3*b + 35. Let y be 57/(-15) + 16/b. Determine m(y).
-4
Let s(i) = i - 2 + 8 + 3. Let p be s(-9). Let u(q) = -q + p + 5 - 2. What is u(4)?
-1
Let c(p) = p**2 - 4*p - 3. Let g(n) = 1. Let f(y) = -c(y) + 5*g(y). Suppose 4*t - 38 = 22. Suppose 4*a = -m + 29, 2*m + t = 5*m. What is f(a)?
-4
Let h(l) be the third derivative of -l**4/24 + 5*l**3/6 + 3*l**2. Let u(q) = 1. Let o(s) = -h(s) - 4*u(s). Determine o(4).
-5
Let k(j) = -3*j - 3. Let q(n) = n**2 - 9*n - 4. Let u be 6 - (-6 - -2 - -1). Let t be q(u). Give k(t).
9
Let h = -7 + 9. Let m(u) = 0*u**2 - h - 4*u + 2*u + u**2. Determine m(2).
-2
Let t = -89 - -91. Let k(v) = 0*v + t*v + 5 - 2. What is k(5)?
13
Let i(u) = -u**2 - 3*u. Let p = -594 - -599. What is i(p)?
-40
Let b(v) be the third derivative of v**6/120 + v**4/12 - v**3/3 - 278*v**2. Calculate b(2).
10
Let b be (-230)/40 + (1 - (-5)/(-4)). Let c(x) = -3 - 4 + 3*x**2 - 4*x**2 + 0*x**2 - 7*x. What is c(b)?
-1
Let o(k) = -16*k**2 - 7*k + 8. Let b(h) = 29*h**2 + 15*h - 16. Let z(m) = -6*b(m) - 11*o(m). Determine z(8).
32
Let l = 76 + -73. Let j(n) = -3*n - 302*n**2 - 2 + n**l + 4*n + 304*n**2. What is j(2)?
16
Let u(b) = b**3 - 7*b**2 + b - 9. Let s(r) = -r**3 + 9*r**2 + 3*r - 12. Let q be s(9). Suppose 0 = -19*o + q*o + 28. What is u(o)?
-2
Let c be 10 - 19 - 3*(-16)/12. Let r(d) = -5*d + 7. Determine r(c).
32
Let b = -591 + 592. Let v(t) = -4*t**2 + 2*t - 1. What is v(b)?
-3
Let i(f) be the first derivative of f**3/3 - f - 32. Determine i(-1).
0
Suppose -3 + 120 = -56*c + 17*c. Let x(y) be the first derivative of -1/2*y**2 + 3*y + 1. Calculate x(c).
6
Let o(t) = -8*t**2 - 3*t + 1. Let x(c) = -39*c - 155. Let i be x(-4). What is o(i)?
-10
Let v(t) be the second derivative of 1/4*t**4 + t**2 + 0 + 1/2*t**3 - t + 1/10*t**5. Give v(-2).
-8
Let m be (-9 - -13)*(21/(-6) - -3). Let n(v) = -23*v - 5. Give n(m).
41
Let q be (-2)/4 - (-14)/4. Let i(s) = -s + 11*s**3 + 0*s - 10*s**q + 1. Let h(f) = 5*f**3 - 8*f + 8. Let n(c) = 3*h(c) - 24*i(c). Calculate n(1).
-9
Let h = 1 - -1. Suppose 6*r - 48 = h*r. Let b(q) = q - 8. Let a be b(r). Let y(v) = -v - 2. What is y(a)?
-6
Let p(q) = 0*q**2 + 3131*q - 3141*q + q**2 + 7. Give p(11).
18
Let k(s) = 1. Let a(u) = -2. Let z(b) = b - 17. Let y(t) = 2*a(t) - z(t). Let v(i) = k(i) - y(i). Determine v(13).
1
Let u(d) = -1. Let o(h) = 2*h + 22. Let c(r) = -o(r) - 5*u(r). Let n be c(-6). Let t(j) = 4*j**3 - 4*j**2 - j**3 + 4 - 4*j**3 + 7*j. What is t(n)?
-6
Let v be 6/((-12)/(-46)) - 2. Suppose 0 = -0*w - 7*w - v. Let y(r) = -4*r - 1 + 5 - 3 - 2*r**2. Determine y(w).
-5
Let j(g) be the third derivative of -g**6/120 - g**5/15 + g**4/8 - g**3 + 3*g**2. Let i = -9 + 14. Let v be (2 - i)*5/3. Calculate j(v).
4
Let o(m) = -m**3 + 8*m**2 + m - 8. Suppose 5*k + 18*y - 20 = 14*y, -27 = -4*k - y. What is o(k)?
0
Let d(q) = -q**3 - 6*q**2 - 5*q + 4. Suppose 0 = g + 5, 26 - 1 = -3*u + g. Let n = 5 + u. Give d(n).
4
Let m(t) be the first derivative of t**3/3 + 3*t**2 - 5*t + 12. Suppose 2*s = -4*l - 24, -s - 2*l - l - 14 = 0. Determine m(s).
11
Let v(g) be the third derivative of -g**5/60 + g**3 + 104*g**2. Determine v(-6).
-30
Let a(z) = 14 - 2*z - 10*z**2 - 3 - 1 + 9*z**2 - 6. Give a(-4).
-4
Suppose 48 = 8*j - 4*j. Let x(q) = -12 + 3*q**2 + q**3 + 5*q + j - 2*q. Let z(i) = i**3 - 2*i**2 - i. Let a be z(2). Give x(a).
-2
Let b(i) be the third derivative of -i**4/24 + i**3/6 - 61*i**2. Calculate b(-5).
6
Suppose 2*m + 176 = -0*m. Let c be m/(-10) - (-1)/5. Suppose c*d = 5*d. Let t(g) = -g**2 + g - 6. Determine t(d).
-6
Let b(k) be the third derivative of 3/2*k**3 + 0 - 1/12*k**4 - 12*k**2 + 0*k. Give b(6).
-3
Let s(h) = -47 + 349*h + 57 - 348*h. What is s(-6)?
4
Let g(q) be the first derivative of q**4/4 - 3*q**3 - 2*q**2 - 2*q - 77. Give g(9).
-38
Let m(j) = 560*j - 561*j + 1 - 1. Give m(7).
-7
Suppose 10*d - 1 - 89 = 0. Let u(h) = -h - 11. What is u(d)?
-20
Let h(w) = 7*w + w**2 - 5*w + w**2 - 3*w**2 + 2 + 0*w**2. Let c be 0 - ((2 - 5) + 1). Let d(a) = -4*a**2 + 7*a + 7. Let g(n) = c*d(n) - 7*h(n). Calculate g(1).
-1
Suppose -3*q - 30 = -g, -q - 4*q - 33 = 4*g. Let k(a) = a**3 + 9*a**2 + 2*a - 5. Give k(q).
-23
Let y(v) = 2*v**3 + 4*v**2 - 2*v + 5. Suppose -12 = 4*d - 4*r, 197*d + r = 200*d + 11. Give y(d).
-51
Let a = -45 - -68. Let m = a - 25. Let s(h) = -2*h**2 - 2*h + 2. Let x be s(m). Let v(y) = 4*y + 2. Determine v(x).
-6
Let x(j) = 0*j + j - 1 - j**2 + j + 3*j. Let y = 5 - 9. Let t = 8 + y. Calculate x(t).
3
Let i(r) = r - 7. Suppose 25*g - 37*g = 0. Give i(g).
-7
Let a = -4 + -3. Let j(i) = 8*i + 5 - 79*i**2 + 55*i**2 + 25*i**2. Give j(a).
-2
Let h(f) = -f**3 - 7*f**2 + 5*f - 16. Let m = -1062 - -1054. Give h(m).
8
Suppose 4*v = 3*s + 9, -2*s - 27 = -2*v - 5*s. Let j(h) be the second derivative of -h**5/20 + 5*h**4/12 + h**3 + h**2 + 3*h. Calculate j(v).
2
Let i(x) be the third derivative of -x**7/840 - x**5/120 - 5*x**4/8 - 7*x**3/6 - 38*x**2. Let u(j) be the first derivative of i(j). Determine u(0).
-15
Let f(m) = -17*m**2 + 53*m + 123. Let b(z) = -4*z**2 + 13*z + 29. Let t(q) = -13*b(q) + 3*f(q). Determine t(9).
-17
Let g(i) = 3*i**2 + 38*i + 26. Let n be g(-12). Let a(z) = 3*z**3 - 4*z**2 + 3*z - 2. What is a(n)?
12
Let c(a) = a + 9*a**2 + a**2 - 21*a**2 + 9*a**2 + 9*a**2. Suppose -m + 0*m = -5*o, -2*m + 12 = 2*o. Give c(o).
8
Let s(g) = -29*g - 378. Let o be s(-13). Let j(f) = 22*f**3 - 2*f**2 - f + 1. Give j(o).
-22
Let a(w) = -15*w**3 + 2*w**2 + w + 3. Let o(g) = -g**3 - 1. Let n(j) = a(j) + 3*o(j). Give n(-1).
19
Let x(j) = -5*j**3 - j**2 + 4*j + 6. Let b(n) = -11*n**3 - n**2 + 10*n + 14. Let a(u) = -4*b(u)